
2, 3, 41
Let f = 299 + -299. Suppose 4*b + 737 - 4593 = f. What are the prime factors of b?
2, 241
Let w be 9/((-25)/(-10) + -4). Let p(q) = q + 11. Let g be p(w). Suppose g*m - 10*m = -205. What are the prime factors of m?
41
Let n(l) = -5*l - 2*l**2 - 535 + 3*l**2 + 530. List the prime factors of n(10).
3, 5
Let p be 13 - 14 - 552/(1 + -3). Suppose 2*v - 1152 = -3*l, -4*v = -l + p + 109. List the prime factors of l.
2, 3
Let q(d) = -d**2 + d. Let r(x) = -4*x**3 - 4*x**2 - 2*x - 1. Let w(u) = 2*q(u) + r(u). What are the prime factors of w(-5)?
349
Suppose -25*k = -253982 - 141018. What are the prime factors of k?
2, 5, 79
Suppose 0 = 8*p - 6*p - 3*u - 11919, 2*p = 4*u + 11920. List the prime factors of p.
2, 3, 331
Let n(q) = q**3 + 7*q**2 + 9*q - 3. Let d be n(-5). Let o(a) = 173*a**2 + 14*a - 5. What are the prime factors of o(d)?
5, 11, 13
Suppose 17 + 1 = 2*w - 2*s, 0 = 5*w - 2*s - 60. Let p = w + -24. Let z = 73 - p. What are the prime factors of z?
83
Let u(m) = -6*m**3 - 10*m**2 - 11*m + 33. Let x(t) = 11*t**3 + 21*t**2 + 23*t - 67. Let z(d) = -5*u(d) - 2*x(d). List the prime factors of z(4).
3, 5, 43
Let m be 25/4 + (-45)/36. Suppose 0 = m*w + 5*j - 50, -4*w - w + 5*j = -70. List the prime factors of 500/w - 2/3.
41
Suppose -6*z + 56 + 40 = 0. What are the prime factors of (-24)/z - (-1002)/4?
3, 83
Let b be (-156)/(-10)*(-40)/4. Let m = -298 - b. Let a = m - -215. List the prime factors of a.
73
Suppose -28883 = -68*l + 186133. List the prime factors of l.
2, 3, 17, 31
Let c = 175 + -171. Suppose y = c*g + 510, -g - 2*g + 1605 = 3*y. List the prime factors of y.
2, 5, 53
Let t = 22 - 57. Let j be 873/15 + 7/t. Suppose 0 = z - 5*v - 30 - 13, -z + j = -2*v. List the prime factors of z.
2, 17
Let p(s) = -s**3 - 12*s**2 - 25*s - 10. Suppose -2*l + 8 = 3*g + g, 0 = -g - l + 1. Let u be 290/(-35) - g - 2/(-7). List the prime factors of p(u).
2, 3
Let q(u) = -u - 46. Let i be q(17). Let k be (-16)/(-3) - (-14)/i*6. Suppose 2*o - 82 = -0*o + 4*m, -3*o = -k*m - 133. What are the prime factors of o?
3, 17
Suppose 2*i = 3*m + 20, 7*m - 3*m - 5*i = -22. What are the prime factors of (m - (-2 - 3)) + 1170?
3, 389
Let z(m) = -m**3 + 22*m**2 - 17*m + 5. Let t be z(21). Suppose 2*p - t = -85. Suppose -5*i - p + 37 = 0. List the prime factors of i.
7
Let f(g) = -987*g - 60. List the prime factors of f(-5).
3, 5, 13
Let m = -93 + 91. List the prime factors of (-3)/(3/(-277)) + m - -2.
277
Let m(s) = 12*s - 114. Let l be m(16). Let j = -57 + l. What are the prime factors of j?
3, 7
Let w = 28385 - -6141. List the prime factors of w.
2, 61, 283
What are the prime factors of -7476*135/(-190) - (0 + (-4)/38)?
2, 83
Let t(s) = 3*s**3 - s**2 + 2*s - 2. Let q be t(1). Suppose -q*a - 21*a + 20608 = 0. What are the prime factors of a?
2, 7
Let c be 139 + ((-3)/3 - 1). Let s = 170 + c. Suppose 8*i = 405 + s. List the prime factors of i.
89
Let z(q) = -q**3 + 5*q - 4. Let x be z(-4). What are the prime factors of x/(228/(-39) - -6)?
2, 5, 13
Suppose -28*x + 59 + 25 = 0. Suppose -x*u + 3100 = a - 789, 2*u + 5*a = 2597. List the prime factors of u.
2, 3
Let i(z) = 34*z - 35. Suppose -4*k = -6 - 18. Let a be i(k). Suppose -3*t + 2*t = 3*s - 86, 2*t = -5*s + a. What are the prime factors of t?
7, 11
Let u = 3 - -21. Suppose -u + 8 = -2*z. Suppose -z*n + 432 = -2*n. What are the prime factors of n?
2, 3
Let k(d) = -d**3 - 8*d**2 + 11*d + 29. Let c be k(-9). Suppose -3716 - 3027 = -c*x. What are the prime factors of x?
613
Let m(c) = -c**3 + 5*c**2 + 5*c - 5. Let k be m(4). Suppose k*b - 15740 + 4425 = 0. What are the prime factors of b?
5, 73
Suppose -6*u = -5*u - 4. Suppose u*b - 13 = 15. Let x(z) = 4*z - 1. What are the prime factors of x(b)?
3
Suppose 167*l + 18421 - 134987 = 0. What are the prime factors of l?
2, 349
Suppose -108*b + 13 = -107*b. Suppose 0 = -5*w - 3 + b. Suppose -77 = -3*i - w*q + 240, -5*i + 527 = 2*q. List the prime factors of i.
3, 5, 7
Suppose 0 = -m - 6 - 17. Let q = m - -24. List the prime factors of 3 - q - (1 - 83).
2, 3, 7
Let l be ((-2)/(-4))/((-1)/(-4)). Let q(k) be the second derivative of k**5/4 + k**4/6 - k**3/2 - k**2 + 10*k + 1. List the prime factors of q(l).
2, 5
Suppose -19*w + 45795 + 1170498 = 150*w. What are the prime factors of w?
3, 2399
Suppose -114 - 283 = -2*b - 5*m, -1030 = -5*b - 5*m. Suppose 2*z + 470 = -5*i + 1613, -i + b = -4*z. What are the prime factors of i?
227
Let v = 27450 + -17544. Suppose 6*q + v = 19*q. What are the prime factors of q?
2, 3, 127
Suppose -k + 17 = 2*n + 4, -11 = -4*n + 3*k. Suppose 346 = 2*f + n*p, 6*p - 2*p + 364 = 2*f. What are the prime factors of f?
2, 89
Let u(o) = 3*o**2 + 68 + 2*o + 59 - 174 + 59. Suppose -2 = -2*n, -2*n = -4*l - n - 21. What are the prime factors of u(l)?
7, 11
Let m(i) = 4*i**2 + 3*i + 16. Let g be 13/(-2)*(-130)/13. Let l = -71 + g. List the prime factors of m(l).
2, 71
Suppose 432*l + 18013104 = 771*l. List the prime factors of l.
2, 3, 41
Suppose 10*o + 3*m = 5*o + 343, 304 = 4*o - 5*m. Suppose -229 = 70*q - o*q. Suppose 2*y - 3*b = 458, y + 3*b - q = -0*y. What are the prime factors of y?
229
Suppose -5*a + 81537 = d, 0 = 122*a - 123*a + d + 16305. List the prime factors of a.
23, 709
Suppose 0 = -5*r + 3*g + 562, -3*r - 554 = -8*r + g. Suppose -111*a - 29 = -r*a. What are the prime factors of ((-394)/(-10))/(a/5 + 6)?
197
Let a be (18 + -20)*2/(-2). Suppose -x = -a*x - 5*q - 25, -q - 14 = 2*x. Let g(y) = y**3 + 8*y**2 + 5*y - 9. List the prime factors of g(x).
41
Suppose 12122 = 21*f - 36346. What are the prime factors of f/3 + (-57)/171?
769
Suppose 2*n + 10 - 1 = -h, 4*n = 5*h + 3. Let z be (-1)/n + (-394)/(-6). What are the prime factors of (70 - z)*(2 - 1 - -5)?
2, 3
Let s(f) = 4712*f**2 + 23*f - 9. List the prime factors of s(1).
2, 17, 139
Let j(s) be the first derivative of -2*s**2 - 10*s - 7. Let o be j(-3). Suppose -o*w - 3*y + 58 = y, 0 = -2*y + 2. What are the prime factors of w?
3
Suppose 0 = k - 4 + 2. Let o be (-318)/(-14) - k/(-7). Let u = 70 - o. List the prime factors of u.
47
Let z = 30 + -12. Let f = z + 264. List the prime factors of f.
2, 3, 47
Suppose -3*t - 27 = -5*g, -5*g - t - 3 + 14 = 0. Suppose -4 = -d, q - 1812 = -g*q + 2*d. What are the prime factors of q?
5, 7, 13
What are the prime factors of 5/(-10) + ((-2)/5)/(24/(-7170))?
7, 17
Suppose 3*n = 24, n = -5*p + 6*n + 132035. What are the prime factors of p?
3, 5, 587
Suppose 51 - 48 = g. Suppose -5 = -5*q - b + 7, -3*b = 4*q - g. Let f(u) = 6*u**2 - 4*u - 5. What are the prime factors of f(q)?
37
Let u be 88/(-15) + 42/(-315). Let l be (-2 + u/(-8))*28/(-7). Suppose p - y = -0*y + 48, -l*p + 3*y + 242 = 0. List the prime factors of p.
7
Suppose 9*b = 40037 + 2321 - 2344. List the prime factors of b.
2, 3, 13, 19
Let z(t) = -t**3 + 26*t**2 + 3*t + 13. Let h(s) = s - 6. Let k be h(12). Let m(v) = -1. Let c(y) = k*m(y) + z(y). List the prime factors of c(26).
5, 17
Let a(n) = -24*n - 20. Let t be a(-5). Let m = t - 22. Suppose 262 - m = 2*i + 4*d, 276 = 3*i - 2*d. What are the prime factors of i?
2, 23
Let t = 2540 - -16146. List the prime factors of t.
2, 9343
Let g be (-16)/(-88) + (-4332)/(-11) + 3. Suppose -y + 2*t = 7*t - 211, -2*y - 5*t = -g. What are the prime factors of y?
2, 3, 31
Let m(z) = 2*z**3 - 3*z**2 + 3*z - 3. Let o = 83 + -83. Let v be (o - (3 - 5))*1. List the prime factors of m(v).
7
Suppose -23*u = -27*u + 1004. Let o be u*(16/4 + -3). Let m = 454 - o. List the prime factors of m.
7, 29
Let a = -222 - -237. Suppose 6*t + 126 = a*t. What are the prime factors of t?
2, 7
Suppose 0 = -5*t + k - 1662, 5*t - k = -5*k - 1652. Let q = t + 575. Suppose -8*c + 5*c = -q. What are the prime factors of c?
3
Let x(w) be the third derivative of w**6/30 - w**5/5 - w**4/2 + w**3/6 - 3*w**2 + 8. What are the prime factors of x(6)?
19
Suppose 0*y = y + 364. Let b = 1426 + y. List the prime factors of b.
2, 3, 59
Let w(g) = 1073*g**3 - 4*g**2 + 11*g - 55. What are the prime factors of w(4)?
68597
Let v(p) = -p**3 + p**2 + 3*p - 1. Let d(u) = 4*u**3 - 44*u**2 - 39*u - 51. Let c(z) = -d(z) - 5*v(z). List the prime factors of c(-38).
2, 3, 7
Suppose -9*o = 3*o - 84. Suppose 16 = o*j - 12. Suppose -2*n - 5*d + 417 = 0, -3*n = -0*d + j*d - 608. What are the prime factors of n?
2, 